er when p is divided by (-109)/i + (-36)/(-84)?
15
Suppose 5*i = 16 + 9. Suppose -17 = u + i*c, -2*c + 0*c - 2 = u. What is the remainder when 13 is divided by u?
5
Let h = 93 - 77. What is the remainder when 43 is divided by h?
11
Let d = 8 - 9. Let j = d + 6. Suppose -j*m + 0*m = -95. What is the remainder when m is divided by 7?
5
Suppose -465 = -3*h + 4*m, -5*m = 3*h - 7*h + 621. Calculate the remainder when h is divided by 10.
9
Suppose -127 = 9*o + 80. Let q = o + 35. What is the remainder when 39 is divided by q?
3
Let y = 396 - 384. What is the remainder when 103 is divided by y?
7
Let d(i) = i**2 + 3*i - 25. Let m = 6 - 14. Suppose -3*x - 106 = -2*s, 4*x + 183 = 5*s - 96. Calculate the remainder when s is divided by d(m).
14
Suppose 2*t - 169 - 391 = 0. What is the remainder when 37 is divided by t/15 - (-1)/3?
18
Calculate the remainder when 25 is divided by (-2 - -1)/(30/90) + 13.
5
Suppose 0 = -5*o + 5*a + 125, -2 = -4*a + 14. Suppose 28*l + 20 = o*l. Calculate the remainder when 98 is divided by l.
18
Suppose 4*j + 3*h - 770 = 0, 3*j - 140 = 3*h + 448. What is the remainder when j is divided by 28?
26
Let c(q) = q**2 + 64*q - 481. Let r = 2 - -14. Calculate the remainder when c(8) is divided by r.
15
Suppose 0 = -3*t - 5*b - 5, 2*t + 2 = 2*b - 5*b. Suppose v + 9 = 2*u, -4*u - 4*v + 9*v + 3 = 0. Calculate the remainder when u is divided by t.
2
Let v(y) = 4*y + 152. What is the remainder when v(10) is divided by 13?
10
Suppose -72 = -9*l + 27. What is the remainder when 131 is divided by l?
10
Suppose 5*t - 2*l - 933 = 0, -l + 749 = 2*t + 2*t. Suppose 6*u = -2*a + 2*u + 214, -2*a = -5*u - t. What is the remainder when a is divided by 26?
23
Suppose i - 6 = -2. Suppose -n = -i*n + 42. Calculate the remainder when n is divided by 32*(33/(-12) - -3).
6
Let h(f) = -2*f + 38. What is the remainder when 1172 is divided by h(-2)?
38
Suppose -26*n + 17*n + 243 = 0. Let r(c) be the third derivative of -c**6/60 - c**5/20 - c**3/6 + 2*c**2. Calculate the remainder when r(-4) is divided by n.
25
Let o(w) = 5*w + 22. Let q be o(-12). Let p = 6 - q. What is the remainder when 174 is divided by p?
42
Suppose -5*z = -2*z - 60. Let q = -436 - -475. What is the remainder when q is divided by z?
19
Let m(f) be the third derivative of f**4/24 + 3*f**3/2 + 15*f**2. Calculate the remainder when m(11) is divided by 14.
6
Suppose 13*q = 2830 - 2713. Let f(z) = 2*z**2 - 3*z + 5. What is the remainder when f(4) is divided by q?
7
Let u = 281 - 82. Calculate the remainder when u is divided by 65.
4
Suppose -28 - 299 = -3*g. Suppose 2*n - n = 4*s - g, -4*s + 5*n + 129 = 0. Let w = 30 - 16. What is the remainder when s is divided by w?
12
Suppose -5*h + 3*k + 1468 = 0, 0*k = -3*h + 5*k + 868. What is the remainder when h is divided by 33?
32
Let m = -162 - -396. Suppose -t = -4*w + m, 4*t = 11 - 3. What is the remainder when w is divided by 10?
9
Let c = -30 + 30. Suppose c = 9*j + 12 - 57. Calculate the remainder when 19 is divided by j.
4
Let t(l) = -37*l + 300. Let r be t(8). Let g = 139 - 19. Suppose -r*d + d = -g. Calculate the remainder when d is divided by 14.
12
Suppose -4*n + 7 + 13 = 0. Calculate the remainder when 159/n - ((-1)/5 + 0) is divided by 17.
15
Let l = 18 + -12. Suppose -3*y + l*o = 2*o - 284, 5*y - 415 = -5*o. Calculate the remainder when y/(-6)*(-6)/4 is divided by 8.
6
Suppose -3*o + 27*o = -3312. Let c = o - -152. Calculate the remainder when 2/(-3) + (-226)/(-6) is divided by c.
9
Suppose 0 = -0*w - 2*w. Suppose -4*r + 74 + 22 = w. What is the remainder when r is divided by -1*(0 + -3)*3?
6
Let x(h) = 3*h + 3. Let r be x(-2). What is the remainder when 2/(12/198*1) is divided by 18/(-2 + -1)*r?
15
Let o(z) = -6*z + 173. Let l = -4 + 14. Calculate the remainder when o(16) is divided by l.
7
Suppose 0 = -4*d - 5*j, 2*d - j + 22 = 2*j. Suppose 0 = 3*t + 2*w - 71, -5*t + 129 - 9 = 3*w. Calculate the remainder when t is divided by (d/4)/(2/48*-2).
12
Suppose d = -4*l + 122 + 72, 2*d = -l + 423. Calculate the remainder when d is divided by 9.
7
Let n(f) = -30*f - 60. Let i be n(9). Calculate the remainder when (-4 - -2)*i/20 is divided by 7.
5
Let k(w) = 171*w**2 + 3*w + 1. Let q = -72 + 71. Calculate the remainder when k(q) is divided by 43.
40
Suppose 3*t + 5 - 17 = 0. Let k = 212 - 209. What is the remainder when t is divided by k?
1
Let b be (-120)/9*(-6)/4. Let c = 113 - 118. Let z = c + b. What is the remainder when 57 is divided by z?
12
Let m(d) be the third derivative of -d**6/120 + 3*d**5/20 - 7*d**4/24 - 17*d**2. Calculate the remainder when m(8) is divided by 8.
0
Let k(z) = 3*z + 270. Let c be k(0). Suppose -5*v + c = 2*n, 8*n - 4*n - 280 = -5*v. Calculate the remainder when v is divided by 11.
8
Suppose -4*o - 244 = -1332. Calculate the remainder when o is divided by 17.
0
Let f = 15 + -55. Let i = 45 + f. Calculate the remainder when i is divided by 4.
1
Suppose 2*n - 4*h = 6, 0 = 4*n - 2*h - 10 - 2. What is the remainder when 68 is divided by (1/3)/(1896/630 - n)?
33
Suppose 72*x = 69*x + 129. What is the remainder when 343 is divided by x?
42
Let k(u) = -4*u - 6. What is the remainder when 176 is divided by k(-9)?
26
Let u(q) = -5*q + 69. What is the remainder when 183 is divided by u(12)?
3
Let d = -21 + 13. Let k = d - -8. What is the remainder when 82 is divided by (k - -12)*112/64?
19
Suppose -208 = -26*l - 26*l. Let u = 60 - 31. Suppose 0*v = 5*p - v - 5, 0 = 2*p + 5*v - u. Calculate the remainder when l is divided by p.
0
Let n(z) = -z**3 - 2*z + 5. Let w(c) = c**2 - 8*c + 10. Suppose 3*t = 2*v - 17, t + 27 = 4*v + 2*t. Calculate the remainder when n(0) is divided by w(v).
2
Let r = 9 - -52. Suppose 12 = 2*n + 2*u, 4*n + u - 3*u = 18. Suppose 4*y = -5*j + 125, n*j - 3*y = 51 + 39. Calculate the remainder when r is divided by j.
19
Let p be 0 + 491/2 - (-10)/20. Let k = p - 168. What is the remainder when k is divided by 40?
38
Suppose 18*x - 13*x = 3*w + 2593, -2*w = 3*x - 1571. What is the remainder when x is divided by 29?
28
Let u(y) = -12*y**3 + 4*y**2 + 6*y + 2. What is the remainder when 140 is divided by u(-1)?
8
Suppose 4*w - 3*i = 5, -3*w + 3 = -3*i - 0. Suppose 9 = w*s + s. Suppose -76 - 5 = -s*t. What is the remainder when t is divided by 15?
12
Let k = 142 + -139. Suppose -3*b - m + 12 = -55, k*m = 3*b - 87. What is the remainder when 190 is divided by b?
22
Suppose h - 3*a - 67 = 0, -4*h - 2*a - 67 = -5*h. Calculate the remainder when h is divided by 59.
8
Suppose -3*r - j + 35 = -27, 0 = -4*r - 4*j + 96. Calculate the remainder when 89 is divided by r.
13
Suppose v + 5*v - 72 = 0. Calculate the remainder when 71 is divided by v.
11
Let u = 44 + -41. Suppose -3*w + 0*w + 61 = -2*m, 0 = -5*w + u*m + 103. What is the remainder when 68 is divided by w?
22
Let z(t) = t**3 + 9*t**2 - 12*t - 16. Let q be z(-10). Let d = -75 + -13. Calculate the remainder when (d/(-12))/(q/18) is divided by 9.
6
Let t = -1282 + 1309. What is the remainder when 79 is divided by t?
25
Let n(q) = -6*q**3 - 3*q**2. Let d be n(-2). What is the remainder when (46/4)/(5/10) is divided by (-2)/9 + 188/d?
3
Suppose -11*x + 1440 = 9*x. What is the remainder when x is divided by 24?
0
Let n(c) = -49*c - 5. Suppose -4*x + 14 = -11*x. What is the remainder when n(x) is divided by 16?
13
Let c be (-786)/(-33) + 8/44. Suppose 2*j + c = 5*j. Let x = j - -32. What is the remainder when x is divided by 14?
12
Let n(g) = g**3 - 3*g**2 - 5*g + 6. Let h be n(4). What is the remainder when ((-22)/33)/(h/(-102)) is divided by 12?
10
Let a = 5 - -5. Let x be 3/3 + -3 + -23. Let l = a - x. What is the remainder when 69 is divided by l?
34
Calculate the remainder when ((-60)/45)/((-4)/339) is divided by 27.
5
Suppose 3*b - 3 = -18. What is the remainder when (-42)/b*(-25)/10*-2 is divided by 9?
6
Let d(s) = 2*s**2 - 9*s + 18. Calculate the remainder when -1 - -1 - (-23 + -155) is divided by d(6).
34
Suppose -5*c - 3*k + 0*k + 154 = 0, -139 = -5*c + 2*k. Suppose 5*f - 2*q = 218, 54 + c = 2*f - 5*q. Calculate the remainder when f is divided by 16.
12
Let u be (-4)/8*-6 - -179. Let b = u + -128. Suppose 0*s = 4*k - s - 120, 0 = -2*k + 2*s + b. Calculate the remainder when k is divided by 8.
7
Let t = -248 - -295. What is the remainder when 56 is divid